se
Is 52 a factor of 4751421?
False
Is 82 a factor of 13509291?
False
Is 12 a factor of 2641968?
True
Does 6 divide 213298074?
True
Is 17 a factor of 27572555?
True
Is 23621024 a multiple of 119?
True
Is 75 a factor of 805389454?
False
Does 2 divide 4806845?
False
Is 1567 a factor of 69587336?
True
Does 41 divide 278691514?
True
Does 6584 divide 2635745446?
False
Is 834731911 a multiple of 11?
False
Is 1329498240 a multiple of 30?
True
Is 45 a factor of 286532190?
True
Is 154 a factor of 8709039?
False
Is 19733966 a multiple of 1757?
False
Is 1073306327 a multiple of 739?
False
Is 58 a factor of 9903094?
True
Does 34 divide 65151990?
True
Is 513992180 a multiple of 26?
True
Is 108682236 a multiple of 26?
True
Is 3071 a factor of 1349707571?
True
Is 490606400 a multiple of 64?
True
Is 165 a factor of 163982610?
True
Does 93 divide 1087031337?
True
Does 45 divide 34768845?
True
Is 1396608912 a multiple of 2088?
True
Is 1387 a factor of 110308110?
True
Is 5622 a factor of 404942605?
False
Is 533 a factor of 1542779?
False
Is 897 a factor of 22343244?
False
Is 72 a factor of 425507344?
False
Does 2259 divide 168087672?
True
Does 153 divide 213792430?
False
Does 1324 divide 21557591?
False
Is 2259024457 a multiple of 2410?
False
Is 1851 a factor of 163484022?
True
Does 12 divide 120516437?
False
Does 148 divide 5043313?
False
Is 255539048 a multiple of 482?
True
Does 29 divide 60957339?
False
Is 3803208 a multiple of 8?
True
Does 20 divide 64225823?
False
Is 208489564 a multiple of 3386?
True
Does 465 divide 119090013?
False
Does 1598 divide 25230822?
True
Is 232478176 a multiple of 217?
True
Is 99851196 a multiple of 360?
False
Is 89484702 a multiple of 102?
True
Is 5485726 a multiple of 171?
False
Is 1617 a factor of 11956698?
False
Is 238886004 a multiple of 21?
True
Does 68 divide 109796573?
False
Is 18 a factor of 14008464?
True
Is 20 a factor of 27308260?
True
Is 10967703 a multiple of 249?
True
Does 342 divide 19803367?
False
Is 33 a factor of 3574987447?
False
Does 240 divide 286010640?
True
Is 859 a factor of 225712558?
True
Is 4532357954 a multiple of 3164?
False
Is 8348 a factor of 1550432300?
True
Is 3398 a factor of 1238363722?
True
Does 67 divide 6212441?
True
Is 1286388 a multiple of 1161?
True
Is 605306759 a multiple of 9?
False
Is 3154911862 a multiple of 15?
False
Is 1255 a factor of 2031978880?
False
Is 116437204 a multiple of 14?
False
Does 5 divide 107888956?
False
Is 307 a factor of 679939769?
False
Is 723 a factor of 142242506?
False
Is 1045631000 a multiple of 2265?
False
Does 91 divide 15474981?
False
Is 289 a factor of 12938241?
True
Does 3716 divide 463009884?
True
Does 6428 divide 2142073148?
True
Is 70 a factor of 544330430?
True
Is 1430939440 a multiple of 13?
False
Is 68762447 a multiple of 12?
False
Is 2272 a factor of 31832992?
True
Is 824365113 a multiple of 93?
True
Does 356 divide 28988012?
True
Does 921 divide 119026790?
False
Is 9 a factor of 2898468?
True
Is 7426 a factor of 2978974371?
False
Is 760 a factor of 136189720?
True
Is 318157695 a multiple of 1305?
True
Is 457 a factor of 7083500?
True
Does 313 divide 10132436?
True
Is 37 a factor of 30746519?
True
Does 1267 divide 15354499?
False
Is 260 a factor of 247413660?
True
Is 18 a factor of 70377192?
True
Is 609 a factor of 81910500?
True
Does 1467 divide 60425115?
False
Is 119 a factor of 1722525?
True
Is 137 a factor of 36205401?
True
Is 1471 a factor of 242453421?
False
Is 1922094934 a multiple of 2733?
False
Is 952376448 a multiple of 384?
True
Is 1004930676 a multiple of 1354?
True
Is 13013241 a multiple of 4?
False
Is 550963095 a multiple of 22?
False
Is 80 a factor of 244705828?
False
Is 25228599 a multiple of 209?
True
Is 13 a factor of 1229796?
False
Is 165 a factor of 74313030?
True
Is 33 a factor of 2967077845?
False
Does 68 divide 47876080?
True
Does 64 divide 603484175?
False
Is 293 a factor of 70054249?
True
Is 41 a factor of 60822803?
True
Does 1203 divide 308063037?
True
Is 2770941010 a multiple of 145?
True
Is 1352 a factor of 716139528?
True
Is 396522904 a multiple of 2229?
False
Is 2214 a factor of 33579738?
True
Does 2 divide 12203751?
False
Does 13 divide 170763255?
True
Does 19 divide 308243156?
True
Does 1068 divide 210701242?
False
Does 54 divide 71397148?
False
Does 64 divide 43309952?
True
Does 327 divide 448958338?
False
Does 92 divide 191525700?
False
Is 13 a factor of 10702363?
False
Is 13 a factor of 663610342?
False
Does 33 divide 2851330?
False
Is 56779992 a multiple of 36?
True
Is 12 a factor of 7667400?
True
Is 44 a factor of 42671332?
True
Is 916609373 a multiple of 15?
False
Is 9 a factor of 497304?
True
Does 30 divide 81902454?
False
Is 3620207220 a multiple of 105?
True
Is 10 a factor of 150065407?
False
Is 11262105 a multiple of 15?
True
Is 128463068 a multiple of 199?
False
Is 666 a factor of 129522918?
False
Is 1614537755 a multiple of 19?
False
Is 55 a factor of 14029730?
True
Does 4179 divide 59667762?
True
Is 16208010 a multiple of 117?
True
Does 568 divide 62486616?
False
Does 158 divide 134505716?
True
Is 403041888 a multiple of 2616?
True
Is 5737821 a multiple of 31?
True
Is 104 a factor of 123796493?
False
Is 161 a factor of 6648941206?
False
Does 436 divide 57088594?
False
Is 62538906 a multiple of 8?
False
Is 12035682 a multiple of 5?
False
Does 124 divide 7264788?
True
Is 9 a factor of 6830496?
True
Does 4023 divide 562660803?
True
Is 41 a factor of 32787659?
True
Is 74 a factor of 138612286?
True
Does 16 divide 389559328?
True
Is 22423179 a multiple of 56?
False
Does 968 divide 150569496?
True
Is 228 a factor of 82465743?
False
Is 156270532 a multiple of 2684?
True
Is 12 a factor of 306058644?
True
Does 154 divide 9768032?
False
Does 1809 divide 6027583?
False
Does 1455 divide 64142220?
True
Is 379 a factor of 9737099?
False
Does 11 divide 109473078?
True
Is 21463942 a multiple of 122?
False
Is 29311608 a multiple of 358?
True
Is 80302509 a multiple of 4131?
True
Is 144075266 a multiple of 529?
True
Is 4635 a factor of 494832600?
True
Does 449 divide 8432629?
False
Does 430 divide 9347445?
False
Is 2 a factor of 2251553?
False
Is 126359158 a multiple of 177?
False
Does 24 divide 694195010?
False
Is 33896380 a multiple of 19?
True
Does 157 divide 31075789?
False
Is 83651082 a multiple of 31?
True
Is 27 a factor of 1344918571?
False
Is 20 a factor of 130747280?
True
Does 3 divide 8666536?
False
Does 637 divide 94634939?
False
Is 1040 a factor of 257789376?
False
Does 81 divide 26277534?
True
Is 46 a factor of 116235672?
False
Is 34702240 a multiple of 107?
True
Is 51 a factor of 684459023?
False
Does 7 divide 2122001?
True
Does 376 divide 351176480?
True
Is 7476609 a multiple of 2433?
True
Does 13224 divide 1983110712?
True
Does 3128 divide 72663440?
True
Does 2 divide 10155317?
False
Is 649 a factor of 55928485?
False
Is 16904169 a multiple of 120?
False
Is 35 a factor of 53790065?
True
Is 1181895 a multiple of 57?
True
Does 30 divide 11544660?
True
Is 103 a factor of 136783326?
False
Does 1780 divide 1250385172?
False
Is 32524610 a multiple of 10?
True
Does 2449 divide 401877130?
False
Is 752336353 a multiple of 1629?
False
Does 9677 divide 1475026402?
True
Is 128 a factor of 50501695?
False
Is 23564846 a multiple of 963?
False
Is 18056478 a multiple of 52?
False
Is 74540615 a multiple of 877?
True
Is 2190862696 a multiple of 106?
True
Does 1839 divide 258799295?
False
Is 388714942 a multiple of 77?
True
Is 1110 a factor of 134384233?
False
Is 3182542396 a multiple of 22?
True
Does 3 divide 281762361?
True
Is 27589921 a multiple of 241?
True
Is 37 a factor of 402417365?
True
Is 13 a factor of 300043432?
True
Does 13 divide 83563298?
True
Does 31 divide 25491796?
True
Is 11 a factor of 177964674?
False
Is 525386304 a multiple of 564?
True
Is 33462572 a multiple of 836?
True
Does 1739 divide 102016696?
True
Is 439 a factor of 66795590?
False
Is 30 a factor of 117156841?
False
Does 19 divide 7299411564?
True
Is 112 a factor of 79377515?
False
Does 6721 divide 2277753621?
True
Does 1184 divide 13508256?
True
Is 401937224 a multiple of 13?
True
Does 21 divide 9698658?
False
Is 30 a factor of 64997444?
False
Is 65577225 a multiple of 15?
True
Is 1409034658 a multiple of 17?
False
Is 3746700 a multiple of 82